{"id":19663,"date":"2023-07-09T17:04:07","date_gmt":"2023-07-09T16:04:07","guid":{"rendered":"https:\/\/actilab.ma\/new\/shop-2\/non%20class\u00e9\/masque-de-respiration-n95-3m\/"},"modified":"2024-12-24T11:31:31","modified_gmt":"2024-12-24T10:31:31","slug":"masque-de-respiration-n95-3m","status":"publish","type":"product","link":"https:\/\/actilab.ma\/new\/shop-2\/protection-medicale\/masques\/masques-haute-filtration\/masque-de-respiration-n95-3m\/","title":{"rendered":"MASQUE DE RESPIRATION FFP2 3M"},"content":{"rendered":"<p>Gr\u00e2ce au masque \u00e0 usage unique 9322 EXCELA, vous serez prot\u00e9g\u00e9 efficacement contre les poussi\u00e8res, les a\u00e9rosols liquides non volatiles et les particules solides. Id\u00e9al pour la manipulation de c\u00e9r\u00e9ales non trait\u00e9es, de terre, ou encore pour le travail du bois, ce masque offre une qualit\u00e9 de respiration optimale.<\/p>\n<p>Sa valve int\u00e9gr\u00e9e fournit la meilleure qualit\u00e9 de respiration du march\u00e9, tout en permettant une filtration des a\u00e9rosols de 94% minimum. Sa barrette nasale sculpt\u00e9e am\u00e9liore le confort tout en maintenant un bon champ de vision.<\/p>\n<p>Avec un niveau de protection FFP2, les bandeaux du masque 9322 EXCELA assurent un maintien solide et une tr\u00e8s bonne \u00e9tanch\u00e9it\u00e9. Notre masque est conforme aux normes EN149\u00a0:2001 et A1\u00a0:2009.<\/p>\n","protected":false},"excerpt":{"rendered":"<ul>\n<li>Protection P2<\/li>\n<li>Pliable et facile \u00e0 stocker.<\/li>\n<li>Barrette nasale sculpt\u00e9e pour un confort et une vision optimis\u00e9s.<\/li>\n<li>Valve offrant la meilleure qualit\u00e9 respiratoire du march\u00e9.<\/li>\n<\/ul>\n","protected":false},"featured_media":24376,"comment_status":"open","ping_status":"closed","template":"","meta":{"om_disable_all_campaigns":false},"product_brand":[],"product_cat":[429,436,270],"product_tag":[],"class_list":{"0":"post-19663","1":"product","2":"type-product","3":"status-publish","4":"has-post-thumbnail","6":"product_cat-masques","7":"product_cat-masques-haute-filtration","8":"product_cat-protection-medicale","9":"ts_product_brand-ffp2","11":"first","12":"instock","13":"shipping-taxable","14":"product-type-simple"},"_links":{"self":[{"href":"https:\/\/actilab.ma\/new\/wp-json\/wp\/v2\/product\/19663","targetHints":{"allow":["GET"]}}],"collection":[{"href":"https:\/\/actilab.ma\/new\/wp-json\/wp\/v2\/product"}],"about":[{"href":"https:\/\/actilab.ma\/new\/wp-json\/wp\/v2\/types\/product"}],"replies":[{"embeddable":true,"href":"https:\/\/actilab.ma\/new\/wp-json\/wp\/v2\/comments?post=19663"}],"wp:featuredmedia":[{"embeddable":true,"href":"https:\/\/actilab.ma\/new\/wp-json\/wp\/v2\/media\/24376"}],"wp:attachment":[{"href":"https:\/\/actilab.ma\/new\/wp-json\/wp\/v2\/media?parent=19663"}],"wp:term":[{"taxonomy":"product_brand","embeddable":true,"href":"https:\/\/actilab.ma\/new\/wp-json\/wp\/v2\/product_brand?post=19663"},{"taxonomy":"product_cat","embeddable":true,"href":"https:\/\/actilab.ma\/new\/wp-json\/wp\/v2\/product_cat?post=19663"},{"taxonomy":"product_tag","embeddable":true,"href":"https:\/\/actilab.ma\/new\/wp-json\/wp\/v2\/product_tag?post=19663"}],"curies":[{"name":"wp","href":"https:\/\/api.w.org\/{rel}","templated":true}]}}