{"id":21878,"date":"2023-12-04T21:40:22","date_gmt":"2023-12-04T20:40:22","guid":{"rendered":"https:\/\/actilab.ma\/new\/shop-2\/non%20class\u00e9\/audiometre-audioschool\/"},"modified":"2024-10-11T12:03:39","modified_gmt":"2024-10-11T11:03:39","slug":"audiometre-audioschool","status":"publish","type":"product","link":"https:\/\/actilab.ma\/new\/shop-2\/materiel-de-diagnostic\/diagnostic-generaliste\/audiometre-audioschool\/","title":{"rendered":"AUDIOMETRE AUDIOSCHOOL"},"content":{"rendered":"<p>L&rsquo;audiom\u00e8tre de d\u00e9pistage Echodia Audioschool est le plus petit appareil de d\u00e9pistage d&rsquo;audition avec un poids de seulement 274g! Cet audiom\u00e8tre automatique portatif, compact, peu encombrant, est id\u00e9al pour effectuer des consultations de routine! Robuste et performant, il vous permettra d&rsquo;effectuer des tests d&rsquo;audiom\u00e9trie complets et fiables tr\u00e8s simplement et sans prendre de note! Il Ne n\u00e9cessite pas de formation pour son utilisation.<\/p>\n","protected":false},"excerpt":{"rendered":"<p>AUDIOSCHOOL est un appareil de d\u00e9pistage audiom\u00e9trique \u00e0 destination des services de sant\u00e9 des \u00e9coles, des m\u00e9decines du travail, des m\u00e9decins g\u00e9n\u00e9ralistes, des h\u00f4pitaux\u2026 Il a \u00e9t\u00e9 con\u00e7u afin que les tests s\u2019effectuent de mani\u00e8re rapide et pr\u00e9cise sans formation pr\u00e9alable.<\/p>\n","protected":false},"featured_media":24062,"comment_status":"open","ping_status":"closed","template":"","meta":{"om_disable_all_campaigns":false},"product_brand":[],"product_cat":[649],"product_tag":[],"class_list":{"0":"post-21878","1":"product","2":"type-product","3":"status-publish","4":"has-post-thumbnail","6":"product_cat-diagnostic-generaliste","8":"first","9":"instock","10":"shipping-taxable","11":"product-type-simple"},"_links":{"self":[{"href":"https:\/\/actilab.ma\/new\/wp-json\/wp\/v2\/product\/21878","targetHints":{"allow":["GET"]}}],"collection":[{"href":"https:\/\/actilab.ma\/new\/wp-json\/wp\/v2\/product"}],"about":[{"href":"https:\/\/actilab.ma\/new\/wp-json\/wp\/v2\/types\/product"}],"replies":[{"embeddable":true,"href":"https:\/\/actilab.ma\/new\/wp-json\/wp\/v2\/comments?post=21878"}],"wp:featuredmedia":[{"embeddable":true,"href":"https:\/\/actilab.ma\/new\/wp-json\/wp\/v2\/media\/24062"}],"wp:attachment":[{"href":"https:\/\/actilab.ma\/new\/wp-json\/wp\/v2\/media?parent=21878"}],"wp:term":[{"taxonomy":"product_brand","embeddable":true,"href":"https:\/\/actilab.ma\/new\/wp-json\/wp\/v2\/product_brand?post=21878"},{"taxonomy":"product_cat","embeddable":true,"href":"https:\/\/actilab.ma\/new\/wp-json\/wp\/v2\/product_cat?post=21878"},{"taxonomy":"product_tag","embeddable":true,"href":"https:\/\/actilab.ma\/new\/wp-json\/wp\/v2\/product_tag?post=21878"}],"curies":[{"name":"wp","href":"https:\/\/api.w.org\/{rel}","templated":true}]}}