{"id":21907,"date":"2023-12-04T21:40:34","date_gmt":"2023-12-04T20:40:34","guid":{"rendered":"https:\/\/actilab.ma\/new\/shop-2\/non%20class\u00e9\/ecg-1-piste-portable-one-touch-contec\/"},"modified":"2024-12-23T16:23:58","modified_gmt":"2024-12-23T15:23:58","slug":"ecg-1-piste-portable-one-touch-contec","status":"publish","type":"product","link":"https:\/\/actilab.ma\/new\/shop-2\/materiel-de-diagnostic\/diagnostic-specialise\/ecg\/ecg-1-piste-portable-one-touch-contec\/","title":{"rendered":"ECG  1 PISTE PORTABLE \/ ONE TOUCH &#8211; CONTEC"},"content":{"rendered":"<p><strong>Caract\u00e9ristiques :<\/strong><br \/>\n\u2013 Ecran couleur LCD de 4.5 cm<br \/>\n\u2013 Syst\u00e8me de Gestion de Sant\u00e9 \u00e0 travers l\u2019application mobile :<br \/>\n\u2013 Prise de mesure automatique<br \/>\n\u2013 Sauvegarde d\u2019enregistrements d\u2019ECG<br \/>\n\u2013 T\u00e9l\u00e9chargement de donn\u00e9es \u2026<br \/>\n\u2013 Contr\u00f4le ECG, une fois contact avec le doigt<br \/>\n\u2013 R\u00e9sultat disponible et fiable imm\u00e9diatement apr\u00e8s prise de mesure<br \/>\n\u2013 Enregistrement jusqu\u2019\u00e0 500 cas (en charge compl\u00e8te) sur CLOUD \/ Transmission Bluetooth<br \/>\n\u2013 Impression rapide des donn\u00e9es<br \/>\n\u2013 Alimentation : 220V \/ Batterie rechargeable<br \/>\n\u2013 Poids : 60 g<br \/>\n\u2013 Dimensions : 100 x 45 x 15 mm<\/p>\n","protected":false},"excerpt":{"rendered":"<ul>\n<li>L\u2019ECG\u00a0 One Touch \u2013 1 Piste \u2013 est un appareil permettant de contr\u00f4ler l\u2019ECG pour tout utilisateur, afin de diagnostiquer et pr\u00e9venir toutes maladies cardiovasculaires en r\u00e9duisant les risques de celles-ci.<\/li>\n<li>Applicable pour les patients pr\u00e9sentant diff\u00e9rents types de maladies chroniques :<\/li>\n<li>Maladies cardiaques (coronariennes), diab\u00e8te, hypertension, myocardite, ob\u00e9sit\u00e9, dyspn\u00e9e\u2026<\/li>\n<\/ul>\n","protected":false},"featured_media":24105,"comment_status":"open","ping_status":"closed","template":"","meta":{"om_disable_all_campaigns":false},"product_brand":[],"product_cat":[706,708,648],"product_tag":[],"class_list":{"0":"post-21907","1":"product","2":"type-product","3":"status-publish","4":"has-post-thumbnail","6":"product_cat-diagnostic-specialise","7":"product_cat-ecg","8":"product_cat-materiel-de-diagnostic","9":"ts_product_brand-contec","11":"first","12":"instock","13":"shipping-taxable","14":"product-type-simple"},"_links":{"self":[{"href":"https:\/\/actilab.ma\/new\/wp-json\/wp\/v2\/product\/21907","targetHints":{"allow":["GET"]}}],"collection":[{"href":"https:\/\/actilab.ma\/new\/wp-json\/wp\/v2\/product"}],"about":[{"href":"https:\/\/actilab.ma\/new\/wp-json\/wp\/v2\/types\/product"}],"replies":[{"embeddable":true,"href":"https:\/\/actilab.ma\/new\/wp-json\/wp\/v2\/comments?post=21907"}],"wp:featuredmedia":[{"embeddable":true,"href":"https:\/\/actilab.ma\/new\/wp-json\/wp\/v2\/media\/24105"}],"wp:attachment":[{"href":"https:\/\/actilab.ma\/new\/wp-json\/wp\/v2\/media?parent=21907"}],"wp:term":[{"taxonomy":"product_brand","embeddable":true,"href":"https:\/\/actilab.ma\/new\/wp-json\/wp\/v2\/product_brand?post=21907"},{"taxonomy":"product_cat","embeddable":true,"href":"https:\/\/actilab.ma\/new\/wp-json\/wp\/v2\/product_cat?post=21907"},{"taxonomy":"product_tag","embeddable":true,"href":"https:\/\/actilab.ma\/new\/wp-json\/wp\/v2\/product_tag?post=21907"}],"curies":[{"name":"wp","href":"https:\/\/api.w.org\/{rel}","templated":true}]}}